{"id":110,"date":"2025-12-12T13:29:26","date_gmt":"2025-12-12T13:29:26","guid":{"rendered":"https:\/\/kalisara-ric.ba\/?page_id=110"},"modified":"2026-02-17T12:22:32","modified_gmt":"2026-02-17T10:22:32","slug":"zaposljavanje","status":"publish","type":"page","link":"https:\/\/kalisara-ric.ba\/index.php\/zaposljavanje\/","title":{"rendered":"Zapo\u0161ljavanje"},"content":{"rendered":"\n<p>Kali Sara \u2013 Romski informativni centar radi na unapre\u0111enju zapo\u0161ljivosti Roma i Romkinja kroz rad u zajednici, saradnju sa institucijama i zagovaranje javnih politika. Cilj je smanjenje siroma\u0161tva, ve\u0107e u\u010de\u0161\u0107e Roma na tr\u017ei\u0161tu rada i razvoj odr\u017eivih modela zapo\u0161ljavanja.<\/p>\n\n\n\n<p>Kroz programe podr\u0161ke razvijaju se prakti\u010dne radne vje\u0161tine, posebno kod mladih i osoba koje nisu zaposlene niti uklju\u010dene u obrazovanje. Aktivnosti obuhvataju procjenu potreba i kompetencija, stru\u010dne i prakti\u010dne obuke, mentorstvo i pripremu za zapo\u0161ljavanje, kao i povezivanje sa poslodavcima i posredovanje pri zapo\u0161ljavanju, \u010dime se pove\u0107avaju stvarne \u0161anse za ulazak na tr\u017ei\u0161te rada.<\/p>\n\n\n\n<p>Rad uklju\u010duje i zagovaranje uklju\u010divanja Roma u javne politike i reforme tr\u017ei\u0161ta rada te pra\u0107enje njihove provedbe. Kroz saradnju sa institucijama i regionalnim mre\u017eama izra\u0111uju se preporuke i analize, promovi\u0161u inkluzivne mjere zapo\u0161ljavanja i podsti\u010de u\u010de\u0161\u0107e Roma u procesima dono\u0161enja odluka, s ciljem dugoro\u010dnog smanjenja siroma\u0161tva i diskriminacije kroz sistemske mjere u sektorima obrazovanja i zapo\u0161ljavanja.<\/p>\n\n\n\n<p>Poseban fokus stavljen je na ekonomsku nezavisnost Romkinja. U okviru projekta <strong>\u201eOsna\u017eivanje Romkinja za zapo\u0161ljavanje i samozapo\u0161ljavanje\u201c<\/strong>, realizovanog kroz FIGAP program, provedene su analize potreba za dokvalifikacijom i prekvalifikacijom, procjene potencijala poslodavaca i saradnja sa zavodima za zapo\u0161ljavanje radi planiranja obuka. Na osnovu rezultata organizovane su obuke poslovnih i poduzetni\u010dkih vje\u0161tina s ciljem ja\u010danja kompetencija i stvaranja uslova za zapo\u0161ljavanje i samozapo\u0161ljavanje \u017eena, uz doprinos rodno osjetljivim programima zapo\u0161ljavanja i jednakim mogu\u0107nostima obrazovanja.<\/p>\n\n\n\n<p>Primjer regionalnog pristupa predstavlja projekat \u201e<strong>Beyond Barriers: Resilience of Roma in the Western Balkans\u201c<\/strong>, koji se provodi u Bosni i Hercegovini, Sjevernoj Makedoniji, Srbiji, Albaniji i na Kosovu uz podr\u0161ku Evropske unije. Projekat implementira Institut za istra\u017eivanje i analizu politika Romalitico u partnerstvu sa Kali Sara \u2013 Romski informativni centar, a usmjeren je na unapre\u0111enje ekonomskog polo\u017eaja Roma, ja\u010danje socijalne uklju\u010denosti i borbu protiv antigypsizma kroz razvoj politika i inicijativa koje smanjuju ekonomske nejednakosti i podsti\u010du integraciju u dru\u0161tvo.<\/p>\n\n\n\n<p>Kroz istra\u017eivanja i razvoj strategija uklanjaju se prepreke zapo\u0161ljavanju i promovi\u0161u jednake mogu\u0107nosti. U kontekstu niske zaposlenosti i \u010destog rada u neformalnoj ekonomiji, aktivnosti su usmjerene na dugoro\u010dne promjene koje omogu\u0107avaju stabilno i dostojanstveno zapo\u0161ljavanje Roma i Romkinja.<\/p>\n\n\n\n<p><\/p>\n","protected":false},"excerpt":{"rendered":"<p>Kali Sara \u2013 Romski informativni centar radi na unapre\u0111enju zapo\u0161ljivosti Roma i Romkinja kroz rad u zajednici, saradnju sa institucijama i zagovaranje javnih politika. Cilj je smanjenje siroma\u0161tva, ve\u0107e u\u010de\u0161\u0107e Roma na tr\u017ei\u0161tu rada i razvoj odr\u017eivih modela zapo\u0161ljavanja. Kroz programe podr\u0161ke razvijaju se prakti\u010dne radne vje\u0161tine, posebno kod mladih i osoba koje nisu zaposlene [&hellip;]<\/p>\n","protected":false},"author":1,"featured_media":0,"parent":0,"menu_order":0,"comment_status":"closed","ping_status":"closed","template":"","meta":{"_acf_changed":false,"_uag_custom_page_level_css":"","footnotes":""},"class_list":["post-110","page","type-page","status-publish","hentry"],"acf":[],"yoast_head":"<!-- This site is optimized with the Yoast SEO plugin v27.3 - https:\/\/yoast.com\/product\/yoast-seo-wordpress\/ -->\n<title>Zapo\u0161ljavanje - Kali Sara<\/title>\n<meta name=\"robots\" content=\"index, follow, max-snippet:-1, max-image-preview:large, max-video-preview:-1\" \/>\n<link rel=\"canonical\" href=\"https:\/\/kalisara-ric.ba\/index.php\/zaposljavanje\/\" \/>\n<meta property=\"og:locale\" content=\"bs_BA\" \/>\n<meta property=\"og:type\" content=\"article\" \/>\n<meta property=\"og:title\" content=\"Zapo\u0161ljavanje - Kali Sara\" \/>\n<meta property=\"og:description\" content=\"Kali Sara \u2013 Romski informativni centar radi na unapre\u0111enju zapo\u0161ljivosti Roma i Romkinja kroz rad u zajednici, saradnju sa institucijama i zagovaranje javnih politika. Cilj je smanjenje siroma\u0161tva, ve\u0107e u\u010de\u0161\u0107e Roma na tr\u017ei\u0161tu rada i razvoj odr\u017eivih modela zapo\u0161ljavanja. Kroz programe podr\u0161ke razvijaju se prakti\u010dne radne vje\u0161tine, posebno kod mladih i osoba koje nisu zaposlene [&hellip;]\" \/>\n<meta property=\"og:url\" content=\"https:\/\/kalisara-ric.ba\/index.php\/zaposljavanje\/\" \/>\n<meta property=\"og:site_name\" content=\"Kali Sara\" \/>\n<meta property=\"article:publisher\" content=\"https:\/\/www.facebook.com\/KaliSaraRic\" \/>\n<meta property=\"article:modified_time\" content=\"2026-02-17T10:22:32+00:00\" \/>\n<meta name=\"twitter:card\" content=\"summary_large_image\" \/>\n<meta name=\"twitter:label1\" content=\"Est. reading time\" \/>\n\t<meta name=\"twitter:data1\" content=\"2 minute\" \/>\n<script type=\"application\/ld+json\" class=\"yoast-schema-graph\">{\"@context\":\"https:\\\/\\\/schema.org\",\"@graph\":[{\"@type\":\"WebPage\",\"@id\":\"https:\\\/\\\/kalisara-ric.ba\\\/index.php\\\/zaposljavanje\\\/\",\"url\":\"https:\\\/\\\/kalisara-ric.ba\\\/index.php\\\/zaposljavanje\\\/\",\"name\":\"Zapo\u0161ljavanje - Kali Sara\",\"isPartOf\":{\"@id\":\"https:\\\/\\\/kalisara-ric.ba\\\/#website\"},\"datePublished\":\"2025-12-12T13:29:26+00:00\",\"dateModified\":\"2026-02-17T10:22:32+00:00\",\"breadcrumb\":{\"@id\":\"https:\\\/\\\/kalisara-ric.ba\\\/index.php\\\/zaposljavanje\\\/#breadcrumb\"},\"inLanguage\":\"bs-BA\",\"potentialAction\":[{\"@type\":\"ReadAction\",\"target\":[\"https:\\\/\\\/kalisara-ric.ba\\\/index.php\\\/zaposljavanje\\\/\"]}]},{\"@type\":\"BreadcrumbList\",\"@id\":\"https:\\\/\\\/kalisara-ric.ba\\\/index.php\\\/zaposljavanje\\\/#breadcrumb\",\"itemListElement\":[{\"@type\":\"ListItem\",\"position\":1,\"name\":\"Home\",\"item\":\"https:\\\/\\\/kalisara-ric.ba\\\/\"},{\"@type\":\"ListItem\",\"position\":2,\"name\":\"Zapo\u0161ljavanje\"}]},{\"@type\":\"WebSite\",\"@id\":\"https:\\\/\\\/kalisara-ric.ba\\\/#website\",\"url\":\"https:\\\/\\\/kalisara-ric.ba\\\/\",\"name\":\"Kali Sara\",\"description\":\"Romski informativni centar (RIC) \u201eKali Sara\u201c\",\"publisher\":{\"@id\":\"https:\\\/\\\/kalisara-ric.ba\\\/#organization\"},\"potentialAction\":[{\"@type\":\"SearchAction\",\"target\":{\"@type\":\"EntryPoint\",\"urlTemplate\":\"https:\\\/\\\/kalisara-ric.ba\\\/?s={search_term_string}\"},\"query-input\":{\"@type\":\"PropertyValueSpecification\",\"valueRequired\":true,\"valueName\":\"search_term_string\"}}],\"inLanguage\":\"bs-BA\"},{\"@type\":\"Organization\",\"@id\":\"https:\\\/\\\/kalisara-ric.ba\\\/#organization\",\"name\":\"Kali Sara\",\"url\":\"https:\\\/\\\/kalisara-ric.ba\\\/\",\"logo\":{\"@type\":\"ImageObject\",\"inLanguage\":\"bs-BA\",\"@id\":\"https:\\\/\\\/kalisara-ric.ba\\\/#\\\/schema\\\/logo\\\/image\\\/\",\"url\":\"https:\\\/\\\/kalisara-ric.ba\\\/wp-content\\\/uploads\\\/2025\\\/12\\\/Call-for-Experts-to-Join-the-Working-Group-on-Antigypsyism-in-EU-funded-project-Kali-Sara.jpg\",\"contentUrl\":\"https:\\\/\\\/kalisara-ric.ba\\\/wp-content\\\/uploads\\\/2025\\\/12\\\/Call-for-Experts-to-Join-the-Working-Group-on-Antigypsyism-in-EU-funded-project-Kali-Sara.jpg\",\"width\":854,\"height\":306,\"caption\":\"Kali Sara\"},\"image\":{\"@id\":\"https:\\\/\\\/kalisara-ric.ba\\\/#\\\/schema\\\/logo\\\/image\\\/\"},\"sameAs\":[\"https:\\\/\\\/www.facebook.com\\\/KaliSaraRic\"]}]}<\/script>\n<!-- \/ Yoast SEO plugin. -->","yoast_head_json":{"title":"Zapo\u0161ljavanje - Kali Sara","robots":{"index":"index","follow":"follow","max-snippet":"max-snippet:-1","max-image-preview":"max-image-preview:large","max-video-preview":"max-video-preview:-1"},"canonical":"https:\/\/kalisara-ric.ba\/index.php\/zaposljavanje\/","og_locale":"bs_BA","og_type":"article","og_title":"Zapo\u0161ljavanje - Kali Sara","og_description":"Kali Sara \u2013 Romski informativni centar radi na unapre\u0111enju zapo\u0161ljivosti Roma i Romkinja kroz rad u zajednici, saradnju sa institucijama i zagovaranje javnih politika. Cilj je smanjenje siroma\u0161tva, ve\u0107e u\u010de\u0161\u0107e Roma na tr\u017ei\u0161tu rada i razvoj odr\u017eivih modela zapo\u0161ljavanja. Kroz programe podr\u0161ke razvijaju se prakti\u010dne radne vje\u0161tine, posebno kod mladih i osoba koje nisu zaposlene [&hellip;]","og_url":"https:\/\/kalisara-ric.ba\/index.php\/zaposljavanje\/","og_site_name":"Kali Sara","article_publisher":"https:\/\/www.facebook.com\/KaliSaraRic","article_modified_time":"2026-02-17T10:22:32+00:00","twitter_card":"summary_large_image","twitter_misc":{"Est. reading time":"2 minute"},"schema":{"@context":"https:\/\/schema.org","@graph":[{"@type":"WebPage","@id":"https:\/\/kalisara-ric.ba\/index.php\/zaposljavanje\/","url":"https:\/\/kalisara-ric.ba\/index.php\/zaposljavanje\/","name":"Zapo\u0161ljavanje - Kali Sara","isPartOf":{"@id":"https:\/\/kalisara-ric.ba\/#website"},"datePublished":"2025-12-12T13:29:26+00:00","dateModified":"2026-02-17T10:22:32+00:00","breadcrumb":{"@id":"https:\/\/kalisara-ric.ba\/index.php\/zaposljavanje\/#breadcrumb"},"inLanguage":"bs-BA","potentialAction":[{"@type":"ReadAction","target":["https:\/\/kalisara-ric.ba\/index.php\/zaposljavanje\/"]}]},{"@type":"BreadcrumbList","@id":"https:\/\/kalisara-ric.ba\/index.php\/zaposljavanje\/#breadcrumb","itemListElement":[{"@type":"ListItem","position":1,"name":"Home","item":"https:\/\/kalisara-ric.ba\/"},{"@type":"ListItem","position":2,"name":"Zapo\u0161ljavanje"}]},{"@type":"WebSite","@id":"https:\/\/kalisara-ric.ba\/#website","url":"https:\/\/kalisara-ric.ba\/","name":"Kali Sara","description":"Romski informativni centar (RIC) \u201eKali Sara\u201c","publisher":{"@id":"https:\/\/kalisara-ric.ba\/#organization"},"potentialAction":[{"@type":"SearchAction","target":{"@type":"EntryPoint","urlTemplate":"https:\/\/kalisara-ric.ba\/?s={search_term_string}"},"query-input":{"@type":"PropertyValueSpecification","valueRequired":true,"valueName":"search_term_string"}}],"inLanguage":"bs-BA"},{"@type":"Organization","@id":"https:\/\/kalisara-ric.ba\/#organization","name":"Kali Sara","url":"https:\/\/kalisara-ric.ba\/","logo":{"@type":"ImageObject","inLanguage":"bs-BA","@id":"https:\/\/kalisara-ric.ba\/#\/schema\/logo\/image\/","url":"https:\/\/kalisara-ric.ba\/wp-content\/uploads\/2025\/12\/Call-for-Experts-to-Join-the-Working-Group-on-Antigypsyism-in-EU-funded-project-Kali-Sara.jpg","contentUrl":"https:\/\/kalisara-ric.ba\/wp-content\/uploads\/2025\/12\/Call-for-Experts-to-Join-the-Working-Group-on-Antigypsyism-in-EU-funded-project-Kali-Sara.jpg","width":854,"height":306,"caption":"Kali Sara"},"image":{"@id":"https:\/\/kalisara-ric.ba\/#\/schema\/logo\/image\/"},"sameAs":["https:\/\/www.facebook.com\/KaliSaraRic"]}]}},"uagb_featured_image_src":{"full":false,"thumbnail":false,"medium":false,"medium_large":false,"large":false,"1536x1536":false,"2048x2048":false,"wesper_large":false,"wesper_medium":false,"wesper_small":false,"wesper_layouts":false,"wesper_list":false,"wesper_large_sload":false,"wesper_medium_sload":false,"wesper_small_sload":false,"wesper_layouts_sload":false,"wesper_list_sload":false},"uagb_author_info":{"display_name":"admin","author_link":"https:\/\/kalisara-ric.ba\/index.php\/author\/kalisara\/"},"uagb_comment_info":0,"uagb_excerpt":"Kali Sara \u2013 Romski informativni centar radi na unapre\u0111enju zapo\u0161ljivosti Roma i Romkinja kroz rad u zajednici, saradnju sa institucijama i zagovaranje javnih politika. Cilj je smanjenje siroma\u0161tva, ve\u0107e u\u010de\u0161\u0107e Roma na tr\u017ei\u0161tu rada i razvoj odr\u017eivih modela zapo\u0161ljavanja. Kroz programe podr\u0161ke razvijaju se prakti\u010dne radne vje\u0161tine, posebno kod mladih i osoba koje nisu zaposlene&hellip;","_links":{"self":[{"href":"https:\/\/kalisara-ric.ba\/index.php\/wp-json\/wp\/v2\/pages\/110","targetHints":{"allow":["GET"]}}],"collection":[{"href":"https:\/\/kalisara-ric.ba\/index.php\/wp-json\/wp\/v2\/pages"}],"about":[{"href":"https:\/\/kalisara-ric.ba\/index.php\/wp-json\/wp\/v2\/types\/page"}],"author":[{"embeddable":true,"href":"https:\/\/kalisara-ric.ba\/index.php\/wp-json\/wp\/v2\/users\/1"}],"replies":[{"embeddable":true,"href":"https:\/\/kalisara-ric.ba\/index.php\/wp-json\/wp\/v2\/comments?post=110"}],"version-history":[{"count":1,"href":"https:\/\/kalisara-ric.ba\/index.php\/wp-json\/wp\/v2\/pages\/110\/revisions"}],"predecessor-version":[{"id":14201,"href":"https:\/\/kalisara-ric.ba\/index.php\/wp-json\/wp\/v2\/pages\/110\/revisions\/14201"}],"wp:attachment":[{"href":"https:\/\/kalisara-ric.ba\/index.php\/wp-json\/wp\/v2\/media?parent=110"}],"curies":[{"name":"wp","href":"https:\/\/api.w.org\/{rel}","templated":true}]}}