{"id":113,"date":"2025-12-12T13:29:26","date_gmt":"2025-12-12T13:29:26","guid":{"rendered":"https:\/\/kalisara-ric.ba\/?page_id=113"},"modified":"2026-02-17T12:33:36","modified_gmt":"2026-02-17T10:33:36","slug":"zdravstvo","status":"publish","type":"page","link":"https:\/\/kalisara-ric.ba\/index.php\/zdravstvo\/","title":{"rendered":"Zdravstvo"},"content":{"rendered":"\n<p>U Bosni i Hercegovini zdravstveni sistem je administrativno rascjepkan i \u010desto te\u0161ko dostupan socijalno ugro\u017eenim grupama, zbog \u010dega je veliki broj Roma bez zdravstvenog osiguranja ili redovne medicinske brige. Kali Sara \u2013 Romski informativni centar djeluje na unapre\u0111enju zdravstvene za\u0161tite Roma kroz preventivne programe, direktnu podr\u0161ku zajednici i zagovaranje javnih politika. Fokus je na smanjenju zdravstvenih nejednakosti i osiguravanju dostupne zdravstvene za\u0161tite, posebno za Romkinje i djecu.<\/p>\n\n\n\n<p>Kroz preventivne programe provode se edukacije o o\u010duvanju zdravlja, reproduktivnom zdravlju, prevenciji bolesti i zna\u010daju imunizacije. Poseban naglasak stavljen je na rad sa \u017eenama i porodicama kako bi se zdravstveni problemi prepoznali na vrijeme i sprije\u010dile te\u017ee posljedice.<\/p>\n\n\n\n<p>U okviru projekta \u201eRad na prevenciji HIV\/AIDS-a i tuberkuloze u romskim zajednicama i sa izbjegli\u010dkom populacijom\u201c, finansiranog od Globalnog fonda, provedene su edukacije i kampanje podizanja svijesti o za\u0161titi zdravlja. Organizovani su treninzi za koordinatore i volontere, a u zajednicama su distribuirani informativni materijali i provedene aktivnosti prevencije rizi\u010dnih pona\u0161anja, uklju\u010duju\u0107i i kampanju protiv zloupotrebe droga.<\/p>\n\n\n\n<p>Kroz saradnju sa zavodima za javno zdravstvo organizovane su i aktivnosti imunizacije djece u romskim naseljima. Volonteri su informisali roditelje, evidentirali nevakcinisanu djecu i zajedno sa mobilnim medicinskim timovima omogu\u0107ili njihovo uklju\u010divanje u redovne programe vakcinacije, s ciljem ja\u010danja kolektivnog imuniteta i za\u0161tite zdravlja zajednice.<\/p>\n\n\n\n<p>Istovremeno se radi na sistemskom nivou kroz zagovaranje rje\u0161avanja pitanja zdravstvenog osiguranja i unapre\u0111enje javnih politika u zdravstvu. Saradnjom sa institucijama doprinosi se dugoro\u010dnom pobolj\u0161anju dostupnosti zdravstvenih usluga i smanjenju zdravstvenih nejednakosti.<\/p>\n\n\n\n<p>Tokom pandemije COVID-19 aktivnosti Kali Sare u oblasti zdravlja dobile su poseban zna\u010daj. U uslovima ograni\u010denog pristupa zdravstvenim uslugama i lo\u0161ih \u017eivotnih uslova u mnogim romskim naseljima organizovana je direktna podr\u0161ka zajednici kroz distribuciju higijenskih paketa i preventivne pomo\u0107i za stotine romskih porodica u saradnji sa me\u0111unarodnim organizacijama i institucijama.<\/p>\n\n\n\n<p>Paralelno su provedene kampanje informisanja o za\u0161titi od zaraze i va\u017enosti vakcinacije. Kroz rad medijatora i terenske posjete pove\u0107avana je informisanost roditelja, smanjivano nepovjerenje u vakcine i omogu\u0107eno uklju\u010divanje djece i odraslih u programe imunizacije. Nakon pandemije aktivnosti su nastavljene kroz projekte prevencije i imunizacije u romskim zajednicama.<\/p>\n\n\n\n<p>Kombinacijom preventivnog rada u zajednici i zagovaranja institucionalnih rje\u0161enja doprinosi se boljem zdravstvenom polo\u017eaju Roma i Romkinja te ve\u0107oj sigurnosti i kvalitetu \u017eivota.<\/p>\n\n\n\n<p><\/p>\n","protected":false},"excerpt":{"rendered":"<p>U Bosni i Hercegovini zdravstveni sistem je administrativno rascjepkan i \u010desto te\u0161ko dostupan socijalno ugro\u017eenim grupama, zbog \u010dega je veliki broj Roma bez zdravstvenog osiguranja ili redovne medicinske brige. Kali Sara \u2013 Romski informativni centar djeluje na unapre\u0111enju zdravstvene za\u0161tite Roma kroz preventivne programe, direktnu podr\u0161ku zajednici i zagovaranje javnih politika. Fokus je na smanjenju [&hellip;]<\/p>\n","protected":false},"author":1,"featured_media":0,"parent":0,"menu_order":0,"comment_status":"closed","ping_status":"closed","template":"","meta":{"_acf_changed":false,"_uag_custom_page_level_css":"","footnotes":""},"class_list":["post-113","page","type-page","status-publish","hentry"],"acf":[],"yoast_head":"<!-- This site is optimized with the Yoast SEO plugin v27.3 - https:\/\/yoast.com\/product\/yoast-seo-wordpress\/ -->\n<title>Zdravstvo - Kali Sara<\/title>\n<meta name=\"robots\" content=\"index, follow, max-snippet:-1, max-image-preview:large, max-video-preview:-1\" \/>\n<link rel=\"canonical\" href=\"https:\/\/kalisara-ric.ba\/index.php\/zdravstvo\/\" \/>\n<meta property=\"og:locale\" content=\"bs_BA\" \/>\n<meta property=\"og:type\" content=\"article\" \/>\n<meta property=\"og:title\" content=\"Zdravstvo - Kali Sara\" \/>\n<meta property=\"og:description\" content=\"U Bosni i Hercegovini zdravstveni sistem je administrativno rascjepkan i \u010desto te\u0161ko dostupan socijalno ugro\u017eenim grupama, zbog \u010dega je veliki broj Roma bez zdravstvenog osiguranja ili redovne medicinske brige. Kali Sara \u2013 Romski informativni centar djeluje na unapre\u0111enju zdravstvene za\u0161tite Roma kroz preventivne programe, direktnu podr\u0161ku zajednici i zagovaranje javnih politika. Fokus je na smanjenju [&hellip;]\" \/>\n<meta property=\"og:url\" content=\"https:\/\/kalisara-ric.ba\/index.php\/zdravstvo\/\" \/>\n<meta property=\"og:site_name\" content=\"Kali Sara\" \/>\n<meta property=\"article:publisher\" content=\"https:\/\/www.facebook.com\/KaliSaraRic\" \/>\n<meta property=\"article:modified_time\" content=\"2026-02-17T10:33:36+00:00\" \/>\n<meta name=\"twitter:card\" content=\"summary_large_image\" \/>\n<meta name=\"twitter:label1\" content=\"Est. reading time\" \/>\n\t<meta name=\"twitter:data1\" content=\"2 minute\" \/>\n<script type=\"application\/ld+json\" class=\"yoast-schema-graph\">{\"@context\":\"https:\\\/\\\/schema.org\",\"@graph\":[{\"@type\":\"WebPage\",\"@id\":\"https:\\\/\\\/kalisara-ric.ba\\\/index.php\\\/zdravstvo\\\/\",\"url\":\"https:\\\/\\\/kalisara-ric.ba\\\/index.php\\\/zdravstvo\\\/\",\"name\":\"Zdravstvo - Kali Sara\",\"isPartOf\":{\"@id\":\"https:\\\/\\\/kalisara-ric.ba\\\/#website\"},\"datePublished\":\"2025-12-12T13:29:26+00:00\",\"dateModified\":\"2026-02-17T10:33:36+00:00\",\"breadcrumb\":{\"@id\":\"https:\\\/\\\/kalisara-ric.ba\\\/index.php\\\/zdravstvo\\\/#breadcrumb\"},\"inLanguage\":\"bs-BA\",\"potentialAction\":[{\"@type\":\"ReadAction\",\"target\":[\"https:\\\/\\\/kalisara-ric.ba\\\/index.php\\\/zdravstvo\\\/\"]}]},{\"@type\":\"BreadcrumbList\",\"@id\":\"https:\\\/\\\/kalisara-ric.ba\\\/index.php\\\/zdravstvo\\\/#breadcrumb\",\"itemListElement\":[{\"@type\":\"ListItem\",\"position\":1,\"name\":\"Home\",\"item\":\"https:\\\/\\\/kalisara-ric.ba\\\/\"},{\"@type\":\"ListItem\",\"position\":2,\"name\":\"Zdravstvo\"}]},{\"@type\":\"WebSite\",\"@id\":\"https:\\\/\\\/kalisara-ric.ba\\\/#website\",\"url\":\"https:\\\/\\\/kalisara-ric.ba\\\/\",\"name\":\"Kali Sara\",\"description\":\"Romski informativni centar (RIC) \u201eKali Sara\u201c\",\"publisher\":{\"@id\":\"https:\\\/\\\/kalisara-ric.ba\\\/#organization\"},\"potentialAction\":[{\"@type\":\"SearchAction\",\"target\":{\"@type\":\"EntryPoint\",\"urlTemplate\":\"https:\\\/\\\/kalisara-ric.ba\\\/?s={search_term_string}\"},\"query-input\":{\"@type\":\"PropertyValueSpecification\",\"valueRequired\":true,\"valueName\":\"search_term_string\"}}],\"inLanguage\":\"bs-BA\"},{\"@type\":\"Organization\",\"@id\":\"https:\\\/\\\/kalisara-ric.ba\\\/#organization\",\"name\":\"Kali Sara\",\"url\":\"https:\\\/\\\/kalisara-ric.ba\\\/\",\"logo\":{\"@type\":\"ImageObject\",\"inLanguage\":\"bs-BA\",\"@id\":\"https:\\\/\\\/kalisara-ric.ba\\\/#\\\/schema\\\/logo\\\/image\\\/\",\"url\":\"https:\\\/\\\/kalisara-ric.ba\\\/wp-content\\\/uploads\\\/2025\\\/12\\\/Call-for-Experts-to-Join-the-Working-Group-on-Antigypsyism-in-EU-funded-project-Kali-Sara.jpg\",\"contentUrl\":\"https:\\\/\\\/kalisara-ric.ba\\\/wp-content\\\/uploads\\\/2025\\\/12\\\/Call-for-Experts-to-Join-the-Working-Group-on-Antigypsyism-in-EU-funded-project-Kali-Sara.jpg\",\"width\":854,\"height\":306,\"caption\":\"Kali Sara\"},\"image\":{\"@id\":\"https:\\\/\\\/kalisara-ric.ba\\\/#\\\/schema\\\/logo\\\/image\\\/\"},\"sameAs\":[\"https:\\\/\\\/www.facebook.com\\\/KaliSaraRic\"]}]}<\/script>\n<!-- \/ Yoast SEO plugin. -->","yoast_head_json":{"title":"Zdravstvo - Kali Sara","robots":{"index":"index","follow":"follow","max-snippet":"max-snippet:-1","max-image-preview":"max-image-preview:large","max-video-preview":"max-video-preview:-1"},"canonical":"https:\/\/kalisara-ric.ba\/index.php\/zdravstvo\/","og_locale":"bs_BA","og_type":"article","og_title":"Zdravstvo - Kali Sara","og_description":"U Bosni i Hercegovini zdravstveni sistem je administrativno rascjepkan i \u010desto te\u0161ko dostupan socijalno ugro\u017eenim grupama, zbog \u010dega je veliki broj Roma bez zdravstvenog osiguranja ili redovne medicinske brige. Kali Sara \u2013 Romski informativni centar djeluje na unapre\u0111enju zdravstvene za\u0161tite Roma kroz preventivne programe, direktnu podr\u0161ku zajednici i zagovaranje javnih politika. Fokus je na smanjenju [&hellip;]","og_url":"https:\/\/kalisara-ric.ba\/index.php\/zdravstvo\/","og_site_name":"Kali Sara","article_publisher":"https:\/\/www.facebook.com\/KaliSaraRic","article_modified_time":"2026-02-17T10:33:36+00:00","twitter_card":"summary_large_image","twitter_misc":{"Est. reading time":"2 minute"},"schema":{"@context":"https:\/\/schema.org","@graph":[{"@type":"WebPage","@id":"https:\/\/kalisara-ric.ba\/index.php\/zdravstvo\/","url":"https:\/\/kalisara-ric.ba\/index.php\/zdravstvo\/","name":"Zdravstvo - Kali Sara","isPartOf":{"@id":"https:\/\/kalisara-ric.ba\/#website"},"datePublished":"2025-12-12T13:29:26+00:00","dateModified":"2026-02-17T10:33:36+00:00","breadcrumb":{"@id":"https:\/\/kalisara-ric.ba\/index.php\/zdravstvo\/#breadcrumb"},"inLanguage":"bs-BA","potentialAction":[{"@type":"ReadAction","target":["https:\/\/kalisara-ric.ba\/index.php\/zdravstvo\/"]}]},{"@type":"BreadcrumbList","@id":"https:\/\/kalisara-ric.ba\/index.php\/zdravstvo\/#breadcrumb","itemListElement":[{"@type":"ListItem","position":1,"name":"Home","item":"https:\/\/kalisara-ric.ba\/"},{"@type":"ListItem","position":2,"name":"Zdravstvo"}]},{"@type":"WebSite","@id":"https:\/\/kalisara-ric.ba\/#website","url":"https:\/\/kalisara-ric.ba\/","name":"Kali Sara","description":"Romski informativni centar (RIC) \u201eKali Sara\u201c","publisher":{"@id":"https:\/\/kalisara-ric.ba\/#organization"},"potentialAction":[{"@type":"SearchAction","target":{"@type":"EntryPoint","urlTemplate":"https:\/\/kalisara-ric.ba\/?s={search_term_string}"},"query-input":{"@type":"PropertyValueSpecification","valueRequired":true,"valueName":"search_term_string"}}],"inLanguage":"bs-BA"},{"@type":"Organization","@id":"https:\/\/kalisara-ric.ba\/#organization","name":"Kali Sara","url":"https:\/\/kalisara-ric.ba\/","logo":{"@type":"ImageObject","inLanguage":"bs-BA","@id":"https:\/\/kalisara-ric.ba\/#\/schema\/logo\/image\/","url":"https:\/\/kalisara-ric.ba\/wp-content\/uploads\/2025\/12\/Call-for-Experts-to-Join-the-Working-Group-on-Antigypsyism-in-EU-funded-project-Kali-Sara.jpg","contentUrl":"https:\/\/kalisara-ric.ba\/wp-content\/uploads\/2025\/12\/Call-for-Experts-to-Join-the-Working-Group-on-Antigypsyism-in-EU-funded-project-Kali-Sara.jpg","width":854,"height":306,"caption":"Kali Sara"},"image":{"@id":"https:\/\/kalisara-ric.ba\/#\/schema\/logo\/image\/"},"sameAs":["https:\/\/www.facebook.com\/KaliSaraRic"]}]}},"uagb_featured_image_src":{"full":false,"thumbnail":false,"medium":false,"medium_large":false,"large":false,"1536x1536":false,"2048x2048":false,"wesper_large":false,"wesper_medium":false,"wesper_small":false,"wesper_layouts":false,"wesper_list":false,"wesper_large_sload":false,"wesper_medium_sload":false,"wesper_small_sload":false,"wesper_layouts_sload":false,"wesper_list_sload":false},"uagb_author_info":{"display_name":"admin","author_link":"https:\/\/kalisara-ric.ba\/index.php\/author\/kalisara\/"},"uagb_comment_info":0,"uagb_excerpt":"U Bosni i Hercegovini zdravstveni sistem je administrativno rascjepkan i \u010desto te\u0161ko dostupan socijalno ugro\u017eenim grupama, zbog \u010dega je veliki broj Roma bez zdravstvenog osiguranja ili redovne medicinske brige. Kali Sara \u2013 Romski informativni centar djeluje na unapre\u0111enju zdravstvene za\u0161tite Roma kroz preventivne programe, direktnu podr\u0161ku zajednici i zagovaranje javnih politika. Fokus je na smanjenju&hellip;","_links":{"self":[{"href":"https:\/\/kalisara-ric.ba\/index.php\/wp-json\/wp\/v2\/pages\/113","targetHints":{"allow":["GET"]}}],"collection":[{"href":"https:\/\/kalisara-ric.ba\/index.php\/wp-json\/wp\/v2\/pages"}],"about":[{"href":"https:\/\/kalisara-ric.ba\/index.php\/wp-json\/wp\/v2\/types\/page"}],"author":[{"embeddable":true,"href":"https:\/\/kalisara-ric.ba\/index.php\/wp-json\/wp\/v2\/users\/1"}],"replies":[{"embeddable":true,"href":"https:\/\/kalisara-ric.ba\/index.php\/wp-json\/wp\/v2\/comments?post=113"}],"version-history":[{"count":1,"href":"https:\/\/kalisara-ric.ba\/index.php\/wp-json\/wp\/v2\/pages\/113\/revisions"}],"predecessor-version":[{"id":14203,"href":"https:\/\/kalisara-ric.ba\/index.php\/wp-json\/wp\/v2\/pages\/113\/revisions\/14203"}],"wp:attachment":[{"href":"https:\/\/kalisara-ric.ba\/index.php\/wp-json\/wp\/v2\/media?parent=113"}],"curies":[{"name":"wp","href":"https:\/\/api.w.org\/{rel}","templated":true}]}}