{"id":13660,"date":"2026-01-26T14:02:55","date_gmt":"2026-01-26T14:02:55","guid":{"rendered":"https:\/\/kalisara-ric.ba\/?page_id=13660"},"modified":"2026-02-17T12:03:17","modified_gmt":"2026-02-17T10:03:17","slug":"obrazovanje-2","status":"publish","type":"page","link":"https:\/\/kalisara-ric.ba\/index.php\/obrazovanje-2\/","title":{"rendered":"Obrazovanje"},"content":{"rendered":"\n<p>Kali Sara \u2013 Romski informativni centar obrazovanje prepoznaje kao klju\u010dni preduslov ravnopravnosti Roma u dru\u0161tvu, s posebnim fokusom na osna\u017eivanje Romkinja i romskih djevoj\u010dica koje se suo\u010davaju s vi\u0161estrukom diskriminacijom i najve\u0107im rizikom od ranog napu\u0161tanja \u0161kolovanja. Strate\u0161ko djelovanje usmjereno je na unapre\u0111enje pristupa obrazovanju, smanjenje stereotipa i diskriminacije te pove\u0107anje broja obrazovanih i osna\u017eenih Roma.<\/p>\n\n\n\n<p>Kao nosilac nacionalne mre\u017ee REYN BiH (Roma Early Years Network Bosnia and Herzegovina), Kali Sara okuplja stru\u010dnjake, institucije i organizacije koje rade na ranom razvoju djece. Posebna pa\u017enja posve\u0107ena je pred\u0161kolskom uzrastu i pove\u0107anju obuhvata romske djece vrti\u0107ima, naro\u010dito djevoj\u010dica koje naj\u010de\u0161\u0107e ostaju izvan sistema. Aktivnosti uklju\u010duju edukaciju roditelja o va\u017enosti ranog razvoja, ja\u010danje kapaciteta stru\u010dnjaka, analize prepreka u obrazovanju i saradnju s institucijama kako bi djeca imala jednak po\u010detak i bolje razvojne \u0161anse.<\/p>\n\n\n\n<p>Kroz edukativne programe, treninge i radionice ja\u010daju se znanja i kapaciteti romske zajednice, ali i nastavnika, edukatora i omladinskih radnika. Obra\u0111uju se teme ljudskih prava, kulture, jezika i inkluzije, organizuju treninzi zagovaranja i umre\u017eavanja, edukacije o ranom razvoju, \u201elive library\u201c sesije i kampanje podizanja svijesti, kao i obuke za osobe koje rade s mladima u saradnji s me\u0111unarodnim partnerima.<\/p>\n\n\n\n<p>Kali Sara aktivno u\u010destvuje u razvoju, pra\u0107enju i unapre\u0111enju javnih politika koje se odnose na obrazovanje Roma u Bosni i Hercegovini, s posebnim fokusom na Okvirni akcioni plan o obrazovnim potrebama Roma u BiH. Djelovanje je usmjereno na osiguravanje jednakog pristupa kvalitetnom obrazovanju, pove\u0107anje obuhvata romske djece pred\u0161kolskim, osnovnim i srednjim obrazovanjem te smanjenje napu\u0161tanja \u0161kolovanja, posebno kod romskih djevoj\u010dica.<\/p>\n\n\n\n<p>Kroz saradnju sa ministarstvima obrazovanja, lokalnim zajednicama i me\u0111unarodnim organizacijama prate se mjere i rezultati provedbe akcionog plana, izra\u0111uju preporuke i zagovaraju sistemska rje\u0161enja \u2013 uklju\u010duju\u0107i anga\u017eman romskih medijatora, edukaciju nastavnog osoblja o romskoj kulturi i antidiskriminacijskim pristupima, te ja\u010danje saradnje \u0161kole i porodice. Na ovaj na\u010din doprinosi se da politike obrazovanja Roma ne ostanu samo formalni dokumenti, ve\u0107 postanu stvarne mjere koje pobolj\u0161avaju polo\u017eaj djece i mladih u obrazovnom sistemu.<\/p>\n\n\n\n<p>Kombinacijom rada u zajednici  i zagovaranja sistemskih promjena doprinosi se stvaranju dru\u0161tva u kojem svako dijete, bez obzira na spol ili porijeklo, ima jednake \u0161anse za obrazovanje i dostojanstven \u017eivot.<\/p>\n","protected":false},"excerpt":{"rendered":"<p>Kali Sara \u2013 Romski informativni centar obrazovanje prepoznaje kao klju\u010dni preduslov ravnopravnosti Roma u dru\u0161tvu, s posebnim fokusom na osna\u017eivanje Romkinja i romskih djevoj\u010dica koje se suo\u010davaju s vi\u0161estrukom diskriminacijom i najve\u0107im rizikom od ranog napu\u0161tanja \u0161kolovanja. Strate\u0161ko djelovanje usmjereno je na unapre\u0111enje pristupa obrazovanju, smanjenje stereotipa i diskriminacije te pove\u0107anje broja obrazovanih i osna\u017eenih [&hellip;]<\/p>\n","protected":false},"author":1,"featured_media":0,"parent":0,"menu_order":0,"comment_status":"closed","ping_status":"closed","template":"","meta":{"_acf_changed":false,"_uag_custom_page_level_css":"","footnotes":""},"class_list":["post-13660","page","type-page","status-publish","hentry"],"acf":[],"yoast_head":"<!-- This site is optimized with the Yoast SEO plugin v27.3 - https:\/\/yoast.com\/product\/yoast-seo-wordpress\/ -->\n<title>Obrazovanje - Kali Sara<\/title>\n<meta name=\"robots\" content=\"index, follow, max-snippet:-1, max-image-preview:large, max-video-preview:-1\" \/>\n<link rel=\"canonical\" href=\"https:\/\/kalisara-ric.ba\/index.php\/obrazovanje-2\/\" \/>\n<meta property=\"og:locale\" content=\"bs_BA\" \/>\n<meta property=\"og:type\" content=\"article\" \/>\n<meta property=\"og:title\" content=\"Obrazovanje - Kali Sara\" \/>\n<meta property=\"og:description\" content=\"Kali Sara \u2013 Romski informativni centar obrazovanje prepoznaje kao klju\u010dni preduslov ravnopravnosti Roma u dru\u0161tvu, s posebnim fokusom na osna\u017eivanje Romkinja i romskih djevoj\u010dica koje se suo\u010davaju s vi\u0161estrukom diskriminacijom i najve\u0107im rizikom od ranog napu\u0161tanja \u0161kolovanja. Strate\u0161ko djelovanje usmjereno je na unapre\u0111enje pristupa obrazovanju, smanjenje stereotipa i diskriminacije te pove\u0107anje broja obrazovanih i osna\u017eenih [&hellip;]\" \/>\n<meta property=\"og:url\" content=\"https:\/\/kalisara-ric.ba\/index.php\/obrazovanje-2\/\" \/>\n<meta property=\"og:site_name\" content=\"Kali Sara\" \/>\n<meta property=\"article:publisher\" content=\"https:\/\/www.facebook.com\/KaliSaraRic\" \/>\n<meta property=\"article:modified_time\" content=\"2026-02-17T10:03:17+00:00\" \/>\n<meta name=\"twitter:card\" content=\"summary_large_image\" \/>\n<meta name=\"twitter:label1\" content=\"Est. reading time\" \/>\n\t<meta name=\"twitter:data1\" content=\"2 minute\" \/>\n<script type=\"application\/ld+json\" class=\"yoast-schema-graph\">{\"@context\":\"https:\\\/\\\/schema.org\",\"@graph\":[{\"@type\":\"WebPage\",\"@id\":\"https:\\\/\\\/kalisara-ric.ba\\\/index.php\\\/obrazovanje-2\\\/\",\"url\":\"https:\\\/\\\/kalisara-ric.ba\\\/index.php\\\/obrazovanje-2\\\/\",\"name\":\"Obrazovanje - Kali Sara\",\"isPartOf\":{\"@id\":\"https:\\\/\\\/kalisara-ric.ba\\\/#website\"},\"datePublished\":\"2026-01-26T14:02:55+00:00\",\"dateModified\":\"2026-02-17T10:03:17+00:00\",\"breadcrumb\":{\"@id\":\"https:\\\/\\\/kalisara-ric.ba\\\/index.php\\\/obrazovanje-2\\\/#breadcrumb\"},\"inLanguage\":\"bs-BA\",\"potentialAction\":[{\"@type\":\"ReadAction\",\"target\":[\"https:\\\/\\\/kalisara-ric.ba\\\/index.php\\\/obrazovanje-2\\\/\"]}]},{\"@type\":\"BreadcrumbList\",\"@id\":\"https:\\\/\\\/kalisara-ric.ba\\\/index.php\\\/obrazovanje-2\\\/#breadcrumb\",\"itemListElement\":[{\"@type\":\"ListItem\",\"position\":1,\"name\":\"Home\",\"item\":\"https:\\\/\\\/kalisara-ric.ba\\\/\"},{\"@type\":\"ListItem\",\"position\":2,\"name\":\"Obrazovanje\"}]},{\"@type\":\"WebSite\",\"@id\":\"https:\\\/\\\/kalisara-ric.ba\\\/#website\",\"url\":\"https:\\\/\\\/kalisara-ric.ba\\\/\",\"name\":\"Kali Sara\",\"description\":\"Romski informativni centar (RIC) \u201eKali Sara\u201c\",\"publisher\":{\"@id\":\"https:\\\/\\\/kalisara-ric.ba\\\/#organization\"},\"potentialAction\":[{\"@type\":\"SearchAction\",\"target\":{\"@type\":\"EntryPoint\",\"urlTemplate\":\"https:\\\/\\\/kalisara-ric.ba\\\/?s={search_term_string}\"},\"query-input\":{\"@type\":\"PropertyValueSpecification\",\"valueRequired\":true,\"valueName\":\"search_term_string\"}}],\"inLanguage\":\"bs-BA\"},{\"@type\":\"Organization\",\"@id\":\"https:\\\/\\\/kalisara-ric.ba\\\/#organization\",\"name\":\"Kali Sara\",\"url\":\"https:\\\/\\\/kalisara-ric.ba\\\/\",\"logo\":{\"@type\":\"ImageObject\",\"inLanguage\":\"bs-BA\",\"@id\":\"https:\\\/\\\/kalisara-ric.ba\\\/#\\\/schema\\\/logo\\\/image\\\/\",\"url\":\"https:\\\/\\\/kalisara-ric.ba\\\/wp-content\\\/uploads\\\/2025\\\/12\\\/Call-for-Experts-to-Join-the-Working-Group-on-Antigypsyism-in-EU-funded-project-Kali-Sara.jpg\",\"contentUrl\":\"https:\\\/\\\/kalisara-ric.ba\\\/wp-content\\\/uploads\\\/2025\\\/12\\\/Call-for-Experts-to-Join-the-Working-Group-on-Antigypsyism-in-EU-funded-project-Kali-Sara.jpg\",\"width\":854,\"height\":306,\"caption\":\"Kali Sara\"},\"image\":{\"@id\":\"https:\\\/\\\/kalisara-ric.ba\\\/#\\\/schema\\\/logo\\\/image\\\/\"},\"sameAs\":[\"https:\\\/\\\/www.facebook.com\\\/KaliSaraRic\"]}]}<\/script>\n<!-- \/ Yoast SEO plugin. -->","yoast_head_json":{"title":"Obrazovanje - Kali Sara","robots":{"index":"index","follow":"follow","max-snippet":"max-snippet:-1","max-image-preview":"max-image-preview:large","max-video-preview":"max-video-preview:-1"},"canonical":"https:\/\/kalisara-ric.ba\/index.php\/obrazovanje-2\/","og_locale":"bs_BA","og_type":"article","og_title":"Obrazovanje - Kali Sara","og_description":"Kali Sara \u2013 Romski informativni centar obrazovanje prepoznaje kao klju\u010dni preduslov ravnopravnosti Roma u dru\u0161tvu, s posebnim fokusom na osna\u017eivanje Romkinja i romskih djevoj\u010dica koje se suo\u010davaju s vi\u0161estrukom diskriminacijom i najve\u0107im rizikom od ranog napu\u0161tanja \u0161kolovanja. Strate\u0161ko djelovanje usmjereno je na unapre\u0111enje pristupa obrazovanju, smanjenje stereotipa i diskriminacije te pove\u0107anje broja obrazovanih i osna\u017eenih [&hellip;]","og_url":"https:\/\/kalisara-ric.ba\/index.php\/obrazovanje-2\/","og_site_name":"Kali Sara","article_publisher":"https:\/\/www.facebook.com\/KaliSaraRic","article_modified_time":"2026-02-17T10:03:17+00:00","twitter_card":"summary_large_image","twitter_misc":{"Est. reading time":"2 minute"},"schema":{"@context":"https:\/\/schema.org","@graph":[{"@type":"WebPage","@id":"https:\/\/kalisara-ric.ba\/index.php\/obrazovanje-2\/","url":"https:\/\/kalisara-ric.ba\/index.php\/obrazovanje-2\/","name":"Obrazovanje - Kali Sara","isPartOf":{"@id":"https:\/\/kalisara-ric.ba\/#website"},"datePublished":"2026-01-26T14:02:55+00:00","dateModified":"2026-02-17T10:03:17+00:00","breadcrumb":{"@id":"https:\/\/kalisara-ric.ba\/index.php\/obrazovanje-2\/#breadcrumb"},"inLanguage":"bs-BA","potentialAction":[{"@type":"ReadAction","target":["https:\/\/kalisara-ric.ba\/index.php\/obrazovanje-2\/"]}]},{"@type":"BreadcrumbList","@id":"https:\/\/kalisara-ric.ba\/index.php\/obrazovanje-2\/#breadcrumb","itemListElement":[{"@type":"ListItem","position":1,"name":"Home","item":"https:\/\/kalisara-ric.ba\/"},{"@type":"ListItem","position":2,"name":"Obrazovanje"}]},{"@type":"WebSite","@id":"https:\/\/kalisara-ric.ba\/#website","url":"https:\/\/kalisara-ric.ba\/","name":"Kali Sara","description":"Romski informativni centar (RIC) \u201eKali Sara\u201c","publisher":{"@id":"https:\/\/kalisara-ric.ba\/#organization"},"potentialAction":[{"@type":"SearchAction","target":{"@type":"EntryPoint","urlTemplate":"https:\/\/kalisara-ric.ba\/?s={search_term_string}"},"query-input":{"@type":"PropertyValueSpecification","valueRequired":true,"valueName":"search_term_string"}}],"inLanguage":"bs-BA"},{"@type":"Organization","@id":"https:\/\/kalisara-ric.ba\/#organization","name":"Kali Sara","url":"https:\/\/kalisara-ric.ba\/","logo":{"@type":"ImageObject","inLanguage":"bs-BA","@id":"https:\/\/kalisara-ric.ba\/#\/schema\/logo\/image\/","url":"https:\/\/kalisara-ric.ba\/wp-content\/uploads\/2025\/12\/Call-for-Experts-to-Join-the-Working-Group-on-Antigypsyism-in-EU-funded-project-Kali-Sara.jpg","contentUrl":"https:\/\/kalisara-ric.ba\/wp-content\/uploads\/2025\/12\/Call-for-Experts-to-Join-the-Working-Group-on-Antigypsyism-in-EU-funded-project-Kali-Sara.jpg","width":854,"height":306,"caption":"Kali Sara"},"image":{"@id":"https:\/\/kalisara-ric.ba\/#\/schema\/logo\/image\/"},"sameAs":["https:\/\/www.facebook.com\/KaliSaraRic"]}]}},"uagb_featured_image_src":{"full":false,"thumbnail":false,"medium":false,"medium_large":false,"large":false,"1536x1536":false,"2048x2048":false,"wesper_large":false,"wesper_medium":false,"wesper_small":false,"wesper_layouts":false,"wesper_list":false,"wesper_large_sload":false,"wesper_medium_sload":false,"wesper_small_sload":false,"wesper_layouts_sload":false,"wesper_list_sload":false},"uagb_author_info":{"display_name":"admin","author_link":"https:\/\/kalisara-ric.ba\/index.php\/author\/kalisara\/"},"uagb_comment_info":0,"uagb_excerpt":"Kali Sara \u2013 Romski informativni centar obrazovanje prepoznaje kao klju\u010dni preduslov ravnopravnosti Roma u dru\u0161tvu, s posebnim fokusom na osna\u017eivanje Romkinja i romskih djevoj\u010dica koje se suo\u010davaju s vi\u0161estrukom diskriminacijom i najve\u0107im rizikom od ranog napu\u0161tanja \u0161kolovanja. Strate\u0161ko djelovanje usmjereno je na unapre\u0111enje pristupa obrazovanju, smanjenje stereotipa i diskriminacije te pove\u0107anje broja obrazovanih i osna\u017eenih&hellip;","_links":{"self":[{"href":"https:\/\/kalisara-ric.ba\/index.php\/wp-json\/wp\/v2\/pages\/13660","targetHints":{"allow":["GET"]}}],"collection":[{"href":"https:\/\/kalisara-ric.ba\/index.php\/wp-json\/wp\/v2\/pages"}],"about":[{"href":"https:\/\/kalisara-ric.ba\/index.php\/wp-json\/wp\/v2\/types\/page"}],"author":[{"embeddable":true,"href":"https:\/\/kalisara-ric.ba\/index.php\/wp-json\/wp\/v2\/users\/1"}],"replies":[{"embeddable":true,"href":"https:\/\/kalisara-ric.ba\/index.php\/wp-json\/wp\/v2\/comments?post=13660"}],"version-history":[{"count":2,"href":"https:\/\/kalisara-ric.ba\/index.php\/wp-json\/wp\/v2\/pages\/13660\/revisions"}],"predecessor-version":[{"id":14199,"href":"https:\/\/kalisara-ric.ba\/index.php\/wp-json\/wp\/v2\/pages\/13660\/revisions\/14199"}],"wp:attachment":[{"href":"https:\/\/kalisara-ric.ba\/index.php\/wp-json\/wp\/v2\/media?parent=13660"}],"curies":[{"name":"wp","href":"https:\/\/api.w.org\/{rel}","templated":true}]}}